is 158838 - 17?
158821
In base 7, what is 10563311642 + 1?
10563311643
In base 2, what is 1001011 - 11001111110010110?
-11001111101001011
In base 2, what is -1001000001111 - -11000100?
-1000101001011
In base 9, what is -4 + -3174200?
-3174204
In base 12, what is -34a869 + 5?
-34a864
In base 12, what is 62 + b757?
b7b9
In base 11, what is -74 - 225760?
-225824
In base 9, what is -2016 + 35710?
33683
In base 10, what is -23 + -8871722?
-8871745
In base 6, what is -253250020 + -30?
-253250050
In base 5, what is 10 - 22411424210?
-22411424200
In base 2, what is -101001110000111010 + -111001010?
-101001111000000100
In base 14, what is -c4442 - -10?
-c4432
In base 7, what is 50236225 + 4?
50236232
In base 5, what is 213 - 23304?
-23041
In base 6, what is 45 - 104505001?
-104504512
In base 5, what is -3 - 1031432140?
-1031432143
In base 9, what is 10025662 + 114?
10025776
In base 10, what is -1414869 + 1?
-1414868
In base 11, what is 289 + -296910?
-296632
In base 3, what is -112 - -120010021120?
120010021001
In base 10, what is 776 + -61744?
-60968
In base 15, what is -176dbed + 1?
-176dbec
In base 4, what is 121331133 + 22?
121331221
In base 8, what is 366 - 23541637?
-23541251
In base 2, what is 11001111111000110001100 + -100?
11001111111000110001000
In base 13, what is -b1a1154 + -3?
-b1a1157
In base 15, what is 1579cbd - -5?
1579cc3
In base 2, what is 10 - -100100000110001110001?
100100000110001110011
In base 6, what is -4 + 4435231223?
4435231215
In base 16, what is 89eee3 - -4?
89eee7
In base 4, what is -112 + -300203230203?
-300203230321
In base 5, what is -312 + 12444333?
12444021
In base 14, what is 3 - 2bbd85?
-2bbd82
In base 7, what is 2516 - -6104?
11623
In base 6, what is -14403231043 + -4?
-14403231051
In base 11, what is 2 + -210329a?
-2103298
In base 13, what is 0 - 6a86838?
-6a86838
In base 5, what is 312433430400 + 0?
312433430400
In base 10, what is -540869 - 6?
-540875
In base 15, what is -160a96 + 5?
-160a91
In base 14, what is -164cd0 + -1d?
-164d0d
In base 13, what is -5365 - -1b2?
-5183
In base 13, what is 3c - 1a4845?
-1a4806
In base 10, what is -37140 - 37345?
-74485
In base 14, what is 2 - -1b035640?
1b035642
In base 6, what is -3304135310 + -4?
-3304135314
In base 2, what is -100110010111011100 - -10111?
-100110010111000101
In base 9, what is -367 - -45031?
44553
In base 8, what is -123 + 1723320?
1723175
In base 15, what is -142b46 - -dc?
-142a59
In base 13, what is 13b9079 - -3?
13b907c
In base 10, what is 2450 - -26241?
28691
In base 12, what is 3 - -3531b?
35322
In base 8, what is 0 - -4757506?
4757506
In base 12, what is -31 - 14588?
-145b9
In base 8, what is -2750275 - -2?
-2750273
In base 10, what is -92855130 - 6?
-92855136
In base 4, what is 2001223232311 + 10?
2001223232321
In base 15, what is -205e - 258?
-22b7
In base 4, what is -3100311031001 - -3?
-3100311030332
In base 16, what is -2004f9 - 0?
-2004f9
In base 13, what is 2a0 - 1049?
-a79
In base 16, what is -274fed + 17?
-274fd6
In base 3, what is -102001102121222021 + -10?
-102001102121222101
In base 11, what is -9097 - -311a?
-5a78
In base 9, what is 2110 + -10257?
-7147
In base 7, what is -1 + 106543101?
106543100
In base 14, what is -705341 + c3?
-70525c
In base 13, what is 2b4977 - 2c?
2b4948
In base 8, what is -23403 - 12425?
-36030
In base 7, what is -24 + -1665426?
-1665453
In base 10, what is 5924152 + 4?
5924156
In base 16, what is 16d5e - 2d?
16d31
In base 15, what is 1037403 + 0?
1037403
In base 2, what is -10001000100010110010011100 - 101?
-10001000100010110010100001
In base 16, what is 5 - -8bd6f3?
8bd6f8
In base 14, what is 4 + -2489a74?
-2489a70
In base 8, what is 165555 + 1067?
166644
In base 2, what is 100000011 - 1111111111010?
-1111011110111
In base 4, what is 111013111 - -232221?
111311332
In base 14, what is -42ac5b6 - 2?
-42ac5b8
In base 9, what is 211 + 8101848?
8102160
In base 3, what is 211121120101 - 120020?
211121000011
In base 8, what is -3072347 + 61?
-3072266
In base 9, what is -781023 - -5?
-781017
In base 2, what is 11010110111110 - -101011111?
11011100011101
In base 8, what is 3055567 - -4?
3055573
In base 15, what is b17 - 503?
614
In base 12, what is -31 + 10972a?
1096b9
In base 5, what is -2410022323 - 3?
-2410022331
In base 16, what is 1b4b36 - 4?
1b4b32
In base 9, what is -7871057 + 66?
-7870881
In base 14, what is -32b5b + 41?
-32b1a
In base 15, what is -58 - 7b00d8?
-7b0141
In base 13, what is -1bc - -862b0?
860c1
In base 10, what is -801 - 3338?
-4139
In base 6, what is -420110 + 332?
-415334
In base 8, what is 5240664 + 4?
5240670
In base 4, what is 1010213 + -2111021?
-1100202
In base 8, what is 3 - -67215402?
67215405
In base 14, what is 24 - 169d43?
-169d1d
In base 3, what is -11101221 - -11011112?
-20102
In base 9, what is -25478 + 73?
-25405
In base 11, what is 172185 + -17?
172169
In base 4, what is 1 - 13131033101?
-13131033100
In base 14, what is -346 - -2031?
1ac9
In base 7, what is 1322600 - -131?
1323031
In base 16, what is -1faa - -2f3?
-1cb7
In base 6, what is 41110 + -2414243?
-2333133
In base 4, what is -222232 - -212222?
-10010
In base 7, what is -2 + -35013624?
-35013626
In base 14, what is 6ad8b8 - -20?
6ad8d8
In base 16, what is 37e463b + -5?
37e4636
In base 8, what is -173441 - -154?
-173265
In base 12, what is -432379 - a?
-432387
In base 7, what is 51425 - -5?
51433
In base 16, what is -10d + 7e8b?
7d7e
In base 9, what is -43 + -10621265?
-10621318
In base 9, what is 7142411 - -6?
7142417
In base 8, what is 147311 + 530?
150041
In base 2, what is 1011010 - -111110100001110101010?
111110100010000000100
In base 10, what is 50090 + -1010?
49080
In base 12, what is -2a409 + 1037?
-29392
In base 2, what is 10000100 - -1100100101111?
1100110110011
In base 9, what is -56204 - 3361?
-60565
In base 8, what is 7653 + -24564?
-14711
In base 3, what is -2212011 + -212102021?
-222021102
In base 10, what is 71207 + 102?
71309
In base 13, what is 7 - 3589c073?
-3589c069
In base 6, what is 53111043 + -1?
53111042
In base 8, what is -1665 - 741177?
-743064
In base 9, what is -38 + -38567?
-38616
In base 3, what is 20022012212122 - 1012?
20022012211110
In base 14, what is 7 + -6291b?
-62914
In base 12, what is -b673a3 - -19?
-b67386
In base 4, what is -3300222223 - 3?
-3300222232
In base 13, what is -35a0 - 7cc?
-409c
In base 12, what is 1855 - -1793?
3428
In base 8, what is -10470 + -145046?
-155536
In base 6, what is -2252551253 + -3?
-2252551300
In base 3, what is 10200000 - -10222220012?
11010120012
In base 4, what is 1212302222101 + -21?
1212302222020
In base 10, what is -1212200 + 3?
-1212197
In base 8, what is -56057 - 334?
-56413
In base 3, what is -22100201012021 + -1220?
-22100201021011
In base 10, what is 104717027 - 3?
104717024
In base 3, what is -2200100112000 - 21111?
-2200100210111
In base 4, what is 301 + -1021310022?
-1021303121
In base 10, what is 18919 + -275?
18644
In base 5, what is 340230 - -20414?
411144
In base 4, what is 223 + 102202132033?
102202132322
In base 3, what is 1111100 - 21101211210?
-21100100110
In base 15, what is -3 + 1e84a4?
1e84a1
In base 11, what is -2 + -1611a26?
-1611a28
In base 6, what is -424415 + 1012?
-423403
In base 7, what is -10611552 + -12?
-10611564
In base 11, what is 12179324 - 2?
12179322
In base 11, what is 616191 + -119?
616073
In base 7, what is 0 + -34236013?
-34236013
In base 10, what is -88 + 201394?
201306
In base 5, what is -11 + -441222?
-441233
In base 12, what is 409b4 - 317?
40699
In base 7, what is -2 - 3126134536?
-3126134541
In base 11, what is -148756 - -6a?
-148697
In base 8, what is -7 + 272437572?
272437563
In base 5, what is 401031104 + -14?
401031040
In base 15, what is 2b3a9 + -1599?
29d10
In base 6, what is 152423220 + -133?
152423043
In base 9, what is -201 + 5606658?
5606457
In base 14, what is 14b445 - -4d?
14b494
In base 14, what is -8 + 59b01?
59ad7
In base 9, what is -2 + -3232386?
-3232388
In base 8, what is -2 + 2657240?
2657236
In base 14, what is 894c0 + 38?
89518
In base 4, what is -2321230 - -121112?
-2200112
In base 9, what is 5250802 - -1?
5250803
In base 15, what is -19852eb8 - -5?
-19852eb3
In base 11, what is 6 + -932a25?
-932a1a
In base 2, what is -100010110 - 1010110111001011?
-1010111011100001
In base 10, wh